{"id":21,"date":"2015-01-07T20:02:57","date_gmt":"2015-01-07T20:02:57","guid":{"rendered":"http:\/\/pharmalawalbania.com\/?page_id=21"},"modified":"2015-05-03T19:50:47","modified_gmt":"2015-05-03T19:50:47","slug":"sherbimet-2","status":"publish","type":"page","link":"https:\/\/www.apka.al\/?page_id=21","title":{"rendered":"Tregjet Sipas Funksionit"},"content":{"rendered":"<div class=\"fusion-fullwidth fullwidth-box\" style=\"background-attachment:scroll;background-color:no;background-position:left top;background-repeat:no-repeat;-webkit-background-size:cover;-moz-background-size:cover;-o-background-size:cover;background-size:cover;border-color:#eae9e9;border-bottom-width: 0px;border-top-width: 0px;border-bottom-style: solid;border-top-style: solid;padding-bottom:0px;padding-left:0px;padding-right:0px;padding-top:0px;\"><div class=\"avada-row\"><div class=\"fusion-three-fifth fusion-column\">\n<h1>Tregjet sipas ndarjes funksionale<\/h1>\n<p>&nbsp;<\/p>\n<h2>Paketimi plastik<\/h2>\n<p>Paketimi plastik erdhi n\u00eb p\u00ebrdorim t\u00eb gjer\u00eb me futjen e polietilenit n\u00eb industri n\u00eb vitet \u201850. Para k\u00ebsaj, p\u00ebrve\u00e7 materialeve t\u00eb paketimit klasike t\u00eb tilla si let\u00ebr, qelqi dhe druri , jane p\u00ebrdorur filmat e materialeve t\u00eb konvertuar natyrore t\u00eb tilla si acetat celuloze dhe filma celuloze me celofan transparent.<\/p>\n<p>Zhvillimi i plastik\u00ebs , polypropylenit , PVC , polisterit\u00a0 dhe kopolimerit polietilen ,coi n\u00eb fillimin e rritjes s\u00eb shpejt\u00eb n\u00eb p\u00ebrdorimin e plastik\u00ebs .<\/p>\n<p>Duke patur parasysh tregun, zhvillimet n\u00eb industrin\u00eb e paketimeve plastike dhe t\u00eb ngurta mund t\u00eb konsiderohen nj\u00eb duke qen\u00eb se tendencat kryesore zbatohen nj\u00ebsoj p\u00ebr t\u00eb dyja.<\/p>\n<ol>\n<li>Industria plastike e paketimit \u00ebsht\u00eb dhe do t\u00eb mbetet \u00a0nj\u00eb faktor i madh ekonomik n\u00eb t\u00eb ardhmen<\/li>\n<li>Rritja globale e k\u00ebrkesave t\u00eb konsumatorit\u00a0 ka cuar n\u00eb bashk\u00ebpunim dhe madje konsolidim\u00a0 mes kompanive p\u00ebrpunuese t\u00eb plastikes, kryesisht atyre t\u00eb mesme dhe t\u00eb vogla<\/li>\n<li>\u00a0Mund\u00ebsit\u00eb n\u00eb t\u00eb ardhmen do t\u00eb jen\u00eb t\u00eb hapura p\u00ebr ato kompani n\u00eb zhvillim dhe inovative n\u00eb prodhim, q\u00eb i ofrojn\u00eb konsumatorit produkte me vler\u00eb t\u00eb madhe t\u00eb shtuar<\/li>\n<li>Sektori i paketimit plastik po shnd\u00ebrrohet n\u00eb industri sh\u00ebrbimi me sh\u00ebrbim nd\u00ebrkomb\u00ebtar, shp\u00ebrndarje just-in-time dhe e-commerce.<\/li>\n<\/ol>\n<p>&nbsp;<\/p>\n<h2>Plastika p\u00ebr Bujq\u00ebsi<\/h2>\n<p>Ky sektor p\u00ebrdor kryesisht standarte termoplastike sic \u00ebsht\u00eb polietileni dhe PVC , me karakteristika t\u00eb vecanta n\u00eb nxjerrje. Zhvillimi i aplikacioneve t\u00eb teknologjis\u00eb s\u00eb lart\u00eb n\u00eb bujq\u00ebsi ka sjell\u00eb n\u00eb treg t\u00eb ashtuquajtur\u00ebn \u201cinxhinieri plastike\u201d.<\/p>\n<p>Bujq\u00ebsia sot p\u00ebrfshin materiale dhe teknologji moderne si: Filmat plastik\u00eb\u00a0 t\u00eb cil\u00ebt jan\u00eb kryesisht polietileni , por ka edhe disa p\u00ebrdorime t\u00eb PVC, si edhe filmat e b\u00ebra nga polimere speciale.<\/p>\n<p>Aplikimet kryesore jan\u00eb : Silazh \u2013filma t\u00eb gjer\u00eb t\u00eb rrafsh\u00ebt p\u00ebr kapanone, dhe filma strec p\u00ebr polietileni. Filma mulching p\u00ebr p\u00ebrdorim n\u00eb sera dhe fusha t\u00eb hapura t\u00eb cil\u00ebt ndihmojn\u00eb dhe ekonomikisht\u00a0 n\u00eb ruajtjen e ujit p\u00ebr serat.<\/p>\n<h2>\u00a0Plastika n\u00eb Nd\u00ebrtim<\/h2>\n<p>Nga t\u00eb gjitha aplikimet e plastik\u00ebs ,nd\u00ebrtimi \u00ebsht\u00eb hapesira e dyt\u00eb m\u00eb e r\u00ebnd\u00ebsishme ku plastika jep kontributin e saj. Produketet m\u00eb t\u00eb vjetra plastike, t\u00eb prodhuara n\u00eb shkall\u00eb t\u00eb gj\u00ebr\u00eb\u00a0 dhe t\u00eb p\u00ebrdorura n\u00eb industrin\u00eb e nd\u00ebrtimit, jan\u00eb p\u00ebrdorur p\u00ebr 55 vite e funksionojn\u00eb akoma si n\u00eb dit\u00ebn e par\u00eb.<\/p>\n<p>Plastika n\u00eb industrin\u00eb e nd\u00ebrtimit \u00ebsht\u00eb ekstremisht ekonomike me burimet. Bilancet e mjedisit q\u00eb konsiderojn\u00eb jo vet\u00ebm koston ekonomike t\u00eb burimeve por edhe koston e mir\u00ebmbajtjes gjat\u00eb jet\u00ebs s\u00eb aplikacioneve.<\/p>\n<p>Megjith\u00ebse shumica e materialeve plastike nuk kan\u00eb kosto t\u00eb lart\u00eb ose skan\u00eb fare kosto mir\u00ebmbajtje ato kan\u00eb arritur dhe vler\u00ebsime t\u00eb klasit t\u00eb par\u00eb gjat\u00eb evolucionit t\u00eb tyre.<\/p>\n<p>Krahasuar me materiale alternative n\u00eb industrin\u00eb e nd\u00ebrtimit , plastika vler\u00ebsohet m\u00eb tepe\u00ebr referuar mbrojtjes s\u00eb mjedisit.<\/p>\n<p>Duke patur parasysh kursimin e burimeve , kosto e ul\u00ebt e mir\u00ebmbajtjes s\u00eb tyre gjat\u00eb ciklit t\u00eb jet\u00ebs si edhe riciklimi i tyre cojn\u00eb n\u00eb influenc\u00eb pozitive kur flitet p\u00ebr vler\u00ebsimin e tyre .<\/p>\n<p>N\u00eb ve\u00e7anti , materialet e p\u00ebrdorura n\u00eb produktet monoplastike te nd\u00ebrtimit t\u00eb tilla si tuba dhe korniza p\u00ebr dritare riciklohen n\u00eb fazen e fundit te jet\u00ebs s\u00eb tyre dhe produkti i ricikuar p\u00ebrdoret p\u00ebr tuba dhe korniza dritaresh me cil\u00ebsi t\u00eb lart\u00eb si specifikohet n\u00eb standartet dhe normat e industris\u00eb.<\/div><div class=\"fusion-two-fifth fusion-column last\"><a href=\"http:\/\/d14298833.u30.c8.ixinstant.com\/wp-content\/uploads\/2015\/01\/markets.jpg\"><img loading=\"lazy\" decoding=\"async\" class=\"alignnone size-full wp-image-162\" src=\"http:\/\/d14298833.u30.c8.ixinstant.com\/wp-content\/uploads\/2015\/01\/markets.jpg\" alt=\"markets\" width=\"458\" height=\"319\" srcset=\"https:\/\/www.apka.al\/wp-content\/uploads\/2015\/01\/markets.jpg 458w, https:\/\/www.apka.al\/wp-content\/uploads\/2015\/01\/markets-300x208.jpg 300w\" sizes=\"auto, (max-width: 458px) 100vw, 458px\" \/><\/a><\/div><div class=\"fusion-clearfix\"><\/div><\/div><\/div><div class=\"fusion-fullwidth fullwidth-box\" style=\"background-attachment:scroll;background-color:no;background-position:left top;background-repeat:no-repeat;-webkit-background-size:cover;-moz-background-size:cover;-o-background-size:cover;background-size:cover;border-color:#eae9e9;border-bottom-width: 0px;border-top-width: 0px;border-bottom-style: solid;border-top-style: solid;padding-bottom:0px;padding-left:0px;padding-right:0px;padding-top:0px;\"><div class=\"avada-row\"><\/div><\/div>\n","protected":false},"excerpt":{"rendered":"","protected":false},"author":1,"featured_media":0,"parent":0,"menu_order":0,"comment_status":"open","ping_status":"open","template":"","meta":{"footnotes":""},"class_list":["post-21","page","type-page","status-publish","hentry"],"_links":{"self":[{"href":"https:\/\/www.apka.al\/index.php?rest_route=\/wp\/v2\/pages\/21","targetHints":{"allow":["GET"]}}],"collection":[{"href":"https:\/\/www.apka.al\/index.php?rest_route=\/wp\/v2\/pages"}],"about":[{"href":"https:\/\/www.apka.al\/index.php?rest_route=\/wp\/v2\/types\/page"}],"author":[{"embeddable":true,"href":"https:\/\/www.apka.al\/index.php?rest_route=\/wp\/v2\/users\/1"}],"replies":[{"embeddable":true,"href":"https:\/\/www.apka.al\/index.php?rest_route=%2Fwp%2Fv2%2Fcomments&post=21"}],"version-history":[{"count":13,"href":"https:\/\/www.apka.al\/index.php?rest_route=\/wp\/v2\/pages\/21\/revisions"}],"predecessor-version":[{"id":163,"href":"https:\/\/www.apka.al\/index.php?rest_route=\/wp\/v2\/pages\/21\/revisions\/163"}],"wp:attachment":[{"href":"https:\/\/www.apka.al\/index.php?rest_route=%2Fwp%2Fv2%2Fmedia&parent=21"}],"curies":[{"name":"wp","href":"https:\/\/api.w.org\/{rel}","templated":true}]}}