{"id":56,"date":"2015-02-04T09:38:37","date_gmt":"2015-02-04T09:38:37","guid":{"rendered":"http:\/\/pharmalawalbania.com\/?page_id=56"},"modified":"2015-05-03T19:55:43","modified_gmt":"2015-05-03T19:55:43","slug":"legjislacioni-2","status":"publish","type":"page","link":"https:\/\/www.apka.al\/?page_id=56","title":{"rendered":"Objektivat e Shoqates"},"content":{"rendered":"<div class=\"fusion-fullwidth fullwidth-box\" style=\"background-attachment:scroll;background-color:no;background-position:left top;background-repeat:no-repeat;-webkit-background-size:cover;-moz-background-size:cover;-o-background-size:cover;background-size:cover;border-color:#eae9e9;border-bottom-width: 0px;border-top-width: 0px;border-bottom-style: solid;border-top-style: solid;padding-bottom:0px;padding-left:0px;padding-right:0px;padding-top:0px;\"><div class=\"avada-row\"><div class=\"fusion-two-third two_third fusion-column\">\n<h2><strong>Objektivat e shoqat\u00ebs<\/strong><\/h2>\n<p>Apka \u00ebsht\u00eb organi zyrtar p\u00ebrfaq\u00ebsues i konvertuesve t\u00eb plastik\u00ebs n\u00eb Shqip\u00ebri, veprimtaria e t\u00eb cil\u00ebs p\u00ebrfshin t\u00eb gjith\u00eb sektor\u00ebt e industris\u00eb s\u00eb konvertimit t\u00eb plastik\u00ebs, p\u00ebrfshir\u00eb dhe riciklimin.<\/p>\n<p>Shoqata\u00a0 fokuson aktivitetet e saj n\u00eb zhvillimin e tregjeve si dhe n\u00eb menaxhimin e c\u00ebshtjeve dhe problemeve t\u00eb p\u00ebrbashk\u00ebta q\u00eb prekin konvertuesit e plastik\u00ebs si Sh\u00ebndeti , Siguria dhe Mjedisi , lenda e par\u00eb , Tregtia ose Komunikimi.<\/p>\n<p>Objektivi i p\u00ebrgjithsh\u00ebm i\u00a0 APKA \u00ebsht\u00eb t\u00eb mbroj\u00eb dhe t\u00eb promovoj\u00eb interesat e industris\u00eb s\u00eb konvertimit\u00a0 t\u00eb plastik\u00ebs ne Shqiperi\u00a0 n\u00eb k\u00ebt\u00eb m\u00ebnyr\u00eb:<\/p>\n<ul>\n<li>Duke shprehur mendimin e industris\u00eb drejt institucioneve qeveritare komb\u00ebtare dhe nd\u00ebrkomb\u00ebtare dhe ne organizatat joqeveritare<\/li>\n<li>Mbajtja e mardh\u00ebnieve\u00a0 me shoqata\u00a0 binjake ne Europ\u00eb dhe n\u00eb mbar\u00eb bot\u00ebn<\/li>\n<li>Kryerja e sondazheve t\u00eb biznesit, studimeve dhe projekteve k\u00ebrkimore n\u00eb t\u00eb gjitha aspektet e industris\u00eb s\u00eb p\u00ebrpunimit t\u00eb plastik\u00ebs.<\/li>\n<\/ul>\n<p>Apka \u00ebsht\u00eb e strukturuar n\u00eb 3 divizione t\u00eb tregut q\u00eb p\u00ebrfaq\u00ebsojn\u00eb tregjet kryesore t\u00eb industris\u00eb s\u00eb konvertimit t\u00eb plastik\u00ebs:<\/p>\n<ol>\n<li>Divizioni i Paketimit<\/li>\n<li>Divizioni i Nd\u00ebrtimit<\/li>\n<li>Divizioni i Bujq\u00ebsis\u00eb<\/li>\n<\/ol>\n<\/div><div class=\"fusion-one-third one_third fusion-column last\"><\/div><div class=\"fusion-clearfix\"><\/div><\/div><\/div>\n","protected":false},"excerpt":{"rendered":"","protected":false},"author":1,"featured_media":0,"parent":0,"menu_order":0,"comment_status":"open","ping_status":"open","template":"","meta":{"footnotes":""},"class_list":["post-56","page","type-page","status-publish","hentry"],"_links":{"self":[{"href":"https:\/\/www.apka.al\/index.php?rest_route=\/wp\/v2\/pages\/56","targetHints":{"allow":["GET"]}}],"collection":[{"href":"https:\/\/www.apka.al\/index.php?rest_route=\/wp\/v2\/pages"}],"about":[{"href":"https:\/\/www.apka.al\/index.php?rest_route=\/wp\/v2\/types\/page"}],"author":[{"embeddable":true,"href":"https:\/\/www.apka.al\/index.php?rest_route=\/wp\/v2\/users\/1"}],"replies":[{"embeddable":true,"href":"https:\/\/www.apka.al\/index.php?rest_route=%2Fwp%2Fv2%2Fcomments&post=56"}],"version-history":[{"count":10,"href":"https:\/\/www.apka.al\/index.php?rest_route=\/wp\/v2\/pages\/56\/revisions"}],"predecessor-version":[{"id":166,"href":"https:\/\/www.apka.al\/index.php?rest_route=\/wp\/v2\/pages\/56\/revisions\/166"}],"wp:attachment":[{"href":"https:\/\/www.apka.al\/index.php?rest_route=%2Fwp%2Fv2%2Fmedia&parent=56"}],"curies":[{"name":"wp","href":"https:\/\/api.w.org\/{rel}","templated":true}]}}